Is 2879 composite?
False
Is 6421 prime?
True
Is 7901 a prime number?
True
Is 20323 a prime number?
True
Is 6074 prime?
False
Is 34311 composite?
True
Is 1803281 prime?
False
Is 266155 a composite number?
True
Is 5102 composite?
True
Is 7793 composite?
False
Is 21427 a prime number?
False
Is 68938 a composite number?
True
Is 53293 prime?
False
Is 31669 a composite number?
True
Is 777097 prime?
True
Is 14197 composite?
False
Is 35414 a prime number?
False
Is 13463 prime?
True
Is 232261 composite?
True
Is 46619 a prime number?
True
Is 162119 a prime number?
True
Is 100907 a composite number?
False
Is 725687 a composite number?
False
Is 419383 a composite number?
False
Is 35503 a composite number?
True
Is 42754 composite?
True
Is 126127 composite?
False
Is 636313 a prime number?
True
Is 11423 a prime number?
True
Is 692449 prime?
False
Is 197527 composite?
True
Is 8254 composite?
True
Is 150621 a prime number?
False
Is 98993 composite?
False
Is 32309 prime?
True
Is 68837 a prime number?
False
Is 3486839 composite?
False
Is 22189 a prime number?
True
Is 64129 prime?
False
Is 125617 prime?
True
Is 14941 prime?
False
Is 364865 a prime number?
False
Is 108631 prime?
True
Is 87473 a composite number?
False
Is 228727 composite?
True
Is 1186879 a prime number?
True
Is 26623 a composite number?
True
Is 7609 a composite number?
True
Is 11311 composite?
False
Is 153499 composite?
False
Is 70469 a composite number?
True
Is 112459 prime?
True
Is 34079 prime?
False
Is 12367 prime?
False
Is 1176899 prime?
True
Is 1861 composite?
False
Is 3907 a prime number?
True
Is 66017 composite?
True
Is 108451 a prime number?
False
Is 100693 composite?
False
Is 7517 prime?
True
Is 45659 a prime number?
True
Is 203491 a prime number?
False
Is 28643 a prime number?
True
Is 4405 prime?
False
Is 5779 a composite number?
False
Is 373 prime?
True
Is 728201 prime?
False
Is 1923013 a prime number?
True
Is 278453 a composite number?
True
Is 233 composite?
False
Is 48907 composite?
False
Is 62051 composite?
True
Is 94861 a composite number?
True
Is 1101 prime?
False
Is 56561 prime?
False
Is 5987 a prime number?
True
Is 3523043 prime?
True
Is 45443 a prime number?
False
Is 127 prime?
True
Is 9157 composite?
False
Is 16373 a prime number?
False
Is 453959 a composite number?
True
Is 281081 a prime number?
True
Is 54217 a composite number?
False
Is 15395 a prime number?
False
Is 90581 prime?
False
Is 1158917 a composite number?
True
Is 1215319 composite?
True
Is 4177 a composite number?
False
Is 769147 a prime number?
True
Is 25613 composite?
True
Is 473 a prime number?
False
Is 39367 prime?
True
Is 69527 a composite number?
True
Is 48199 prime?
False
Is 1762129 prime?
True
Is 395435 a prime number?
False
Is 9277 prime?
True
Is 5435 composite?
True
Is 3295 composite?
True
Is 93781 a composite number?
True
Is 21839 a composite number?
False
Is 6941 composite?
True
Is 6103 prime?
False
Is 100313 a prime number?
True
Is 118819 a composite number?
False
Is 14281 composite?
False
Is 197723 a prime number?
False
Is 203867 prime?
False
Is 3761 composite?
False
Is 158843 prime?
True
Is 59333 a composite number?
False
Is 623 prime?
False
Is 1201 a composite number?
False
Is 31539 a composite number?
True
Is 174149 a prime number?
True
Is 123113 prime?
True
Is 386219 prime?
True
Is 256639 a composite number?
False
Is 454855 a prime number?
False
Is 6916777 prime?
False
Is 250489 prime?
True
Is 365905 prime?
False
Is 19031 a prime number?
True
Is 71783 a prime number?
False
Is 8147 composite?
False
Is 212665 a prime number?
False
Is 531277 composite?
True
Is 106531 a prime number?
True
Is 10031 a prime number?
False
Is 27601 a composite number?
True
Is 797 a composite number?
False
Is 1067 a prime number?
False
Is 3107 a prime number?
False
Is 12941 composite?
False
Is 24029 a composite number?
False
Is 15727 a composite number?
False
Is 10483 composite?
True
Is 740387 prime?
True
Is 12659 a composite number?
False
Is 8681 a prime number?
True
Is 856165 a prime number?
False
Is 121151 a composite number?
False
Is 417521 composite?
True
Is 43391 prime?
True
Is 3849 prime?
False
Is 195361 composite?
True
Is 124979 prime?
True
Is 3223 composite?
True
Is 107003 prime?
False
Is 11855 a prime number?
False
Is 2257723 a composite number?
True
Is 3137 composite?
False
Is 118741 prime?
False
Is 20071 a prime number?
True
Is 8641 a composite number?
False
Is 14253 a composite number?
True
Is 3761 prime?
True
Is 359539 a prime number?
True
Is 193423 prime?
True
Is 30167 composite?
True
Is 991 a composite number?
False
Is 22241 prime?
False
Is 73291 a prime number?
True
Is 319178 prime?
False
Is 12247 prime?
False
Is 42281 a prime number?
True
Is 76559 a composite number?
True
Is 22829 a composite number?
True
Is 2625089 a composite number?
True
Is 645833 prime?
True
Is 609517 prime?
True
Is 32887 a prime number?
True
Is 14767 a composite number?
False
Is 67699 composite?
False
Is 17747 a prime number?
True
Is 7283 a composite number?
False
Is 66437 a composite number?
True
Is 8603 prime?
False
Is 131143 prime?
True
Is 1524669 a prime number?
False
Is 13157 prime?
False
Is 28387 composite?
False
Is 1717 prime?
False
Is 3418 a prime number?
False
Is 84047 a prime number?
True
Is 24907 a composite number?
False
Is 3937 a prime number?
False
Is 11597 a composite number?
False
Is 46061 prime?
True
Is 21557 composite?
False
Is 618029 a composite number?
False
Is 9299 a composite number?
True
Is 14669 a composite number?
False
Is 210203 a prime number?
False
Is 211 prime?
True
Is 18637 a prime number?
True
Is 1543 a composite number?
False
Is 135977 prime?
True
Is 177994 a composite number?
True
Is 879 prime?
False
Is 104431 a prime number?
False
Is 921703 prime?
True
Is 743 prime?
True
Is 376019 a prime number?
False
Is 13613 prime?
True
Is 233323 a composite number?
False
Is 251333 composite?
True
Is 2750933 a composite number?
False
Is 5683 a prime number?
True
Is 625453 a composite number?
True
Is 27137 a prime number?
False
Is 22247 composite?
False
Is 17291 composite?
False
Is 9985 composite?
True
Is 174223 composite?
True
Is 17473 prime?
False
Is 19979 a composite number?
False
Is 896347 a composite number?
False
Is 113431 composite?
True
Is 777061 prime?
False
Is 1225403 prime?
False
Is 112381 composite?
True
Is 2479 composite?
True
Is 105727 a composite number?
False
Is 37951 composite?
False
Is 9899 prime?
False
Is 11819 composite?
True
Is 58213 a composite number?
True
Is 10243 a prime number?
True
Is 305971 a prime number?
True
Is 11311 a prime number?
True
Is 265057 prime?
False
Is 1710287 a prime number?
True
Is 226 a prime number?
False
Is 61923 composite?
True
Is 419 composite?
False
Is 133067 composite?
True
Is 1361 a composite number?
False
Is 3019 prime?
True
Is 2045 composite?
True
Is 60033 composite?
True
Is 80141 a composite number?
False
Is 1217131 a composite number?
False
Is 6031 a composite number?
True
Is 3109 composite?
False
Is 350869 a prime number?
True
Is 16601 prime?
False
Is 4229 composite?
False
Is 7997 a composite number?
True
Is 291217 a composite number?
False
Is 102521 prime?
False
Is 161977 a composite number?
False
Is 142339 composite?
True
Is 10401 a composite number?
True
Is 143713 a prime number?
False
Is 140347 a prime number?
False
Is 106721 composite?
False
Is 63537 prime?
False
Is 212899 prime?
False
Is 330118 a composite number?
True
Is 708613 composite?
True
Is 76463 prime?
True
Is 3551 a composite number?
True
Is 74069 composite?
True
Is 10798 a prime number?
False
Is 409 a prime number?
True
Is 128783 prime?
False
Is 463693 prime?
True
Is 29503 composite?
True
Is 3037 prime?
True
Is 11623 composite?
True
Is 29437 a prime number?
True
Is 30293 composite?
False
Is 33047 composite?
True
Is 1735 a composite number?
True
Is 30187 composite?
False
Is 209393 composite?
False
Is 624115 prime?
False
Is 135059 prime?
True
Is 8353 prime?
True
Is 1863385 a prime number?
False
Is 9113 a prime number?
False
Is 103067 a composite number?
False
Is 566771 a prime number?
False
Is 29789 prime?
True
Is 9599 prime?
False
Is 92987 prime?
True
Is 401767 a composite number?
True
Is 3127 prime?
False
Is 9977 prime?
False
Is 371737 a prime number?
True
Is 172613 composite?
True
Is 401